
154
Calculate the greatest common factor of 82 and 7995.
41
What is the highest common divisor of 13299 and 195?
39
Calculate the greatest common divisor of 938 and 126898.
134
Calculate the highest common divisor of 15120780 and 120.
60
What is the highest common divisor of 476 and 357476?
476
Calculate the greatest common factor of 3 and 3879318.
3
What is the greatest common factor of 1162903 and 713?
713
What is the greatest common factor of 70 and 65?
5
Calculate the highest common divisor of 28 and 21833.
7
Calculate the highest common divisor of 231634 and 39.
13
Calculate the greatest common factor of 2002 and 13321.
77
Calculate the greatest common factor of 1387165 and 65.
65
Calculate the highest common divisor of 115 and 315215.
115
What is the highest common factor of 252215 and 9125?
365
Calculate the greatest common factor of 57700 and 700.
100
What is the greatest common divisor of 805 and 596344?
161
Calculate the greatest common factor of 10277 and 1075.
43
Calculate the highest common factor of 720 and 190880.
80
What is the greatest common factor of 62972 and 28756?
364
Calculate the greatest common divisor of 64 and 6472.
8
Calculate the greatest common factor of 24 and 73182.
6
What is the greatest common divisor of 882 and 1602?
18
Calculate the greatest common factor of 1832 and 1104.
8
What is the highest common divisor of 815220 and 12?
12
What is the highest common divisor of 560 and 3752?
56
Calculate the highest common factor of 10170 and 70.
10
What is the highest common factor of 1 and 137147?
1
What is the greatest common factor of 49 and 823?
1
Calculate the highest common divisor of 36 and 40686.
6
Calculate the highest common divisor of 91755 and 135.
45
What is the greatest common factor of 112118 and 244?
122
Calculate the highest common divisor of 60 and 215970.
30
Calculate the highest common divisor of 1028 and 3408591.
257
What is the greatest common divisor of 117 and 1564251?
39
What is the highest common factor of 832 and 38464?
64
Calculate the highest common factor of 164 and 41164.
164
What is the greatest common factor of 225 and 1397475?
225
Calculate the greatest common factor of 54 and 170946.
18
Calculate the greatest common divisor of 621 and 26151.
69
What is the highest common divisor of 620 and 38905?
155
What is the highest common divisor of 16085 and 5?
5
Calculate the greatest common divisor of 177680 and 176.
16
Calculate the greatest common divisor of 966097 and 7810.
781
What is the highest common divisor of 10754 and 1064?
38
Calculate the greatest common factor of 8800 and 405.
5
Calculate the greatest common factor of 582417 and 424.
53
What is the greatest common factor of 42 and 38619?
21
Calculate the highest common divisor of 94626 and 504.
126
Calculate the greatest common factor of 34344 and 2646.
54
Calculate the highest common divisor of 1250 and 2000.
250
What is the greatest common factor of 87122 and 254?
254
Calculate the highest common factor of 1344 and 106008.
168
What is the highest common factor of 1854890 and 5173?
739
What is the greatest common factor of 1084 and 664?
4
What is the highest common divisor of 1184 and 35113?
37
What is the greatest common divisor of 950 and 650?
50
Calculate the highest common factor of 29181 and 26304.
411
What is the highest common factor of 74176 and 16531?
61
What is the highest common divisor of 200032 and 10976?
224
What is the greatest common divisor of 59234 and 112?
14
Calculate the highest common factor of 731364 and 24.
12
What is the greatest common divisor of 10131 and 39237?
33
Calculate the highest common factor of 2520 and 9254.
14
Calculate the highest common divisor of 77 and 103495.
7
What is the highest common divisor of 117 and 8307?
117
What is the highest common factor of 407520 and 864?
288
Calculate the highest common factor of 1023 and 429.
33
Calculate the greatest common divisor of 244840 and 40.
40
Calculate the highest common divisor of 1426264 and 4.
4
What is the greatest common factor of 12748 and 236?
4
Calculate the highest common divisor of 231750 and 6798.
618
What is the highest common factor of 2631072 and 208?
16
Calculate the greatest common divisor of 79 and 17.
1
What is the highest common divisor of 208323 and 1817?
79
Calculate the greatest common factor of 4 and 94594.
2
What is the greatest common divisor of 267 and 101905?
89
Calculate the greatest common factor of 98 and 241080.
98
What is the greatest common divisor of 118 and 752?
2
Calculate the greatest common divisor of 85 and 3049273.
17
What is the greatest common divisor of 4 and 8902?
2
Calculate the greatest common factor of 98520 and 4800.
120
What is the greatest common factor of 810145 and 3318?
553
What is the greatest common factor of 58068 and 8?
4
What is the highest common divisor of 675444 and 86?
86
What is the greatest common factor of 60 and 24396?
12
What is the highest common factor of 599116 and 28?
28
What is the highest common divisor of 23316 and 8700?
348
Calculate the greatest common factor of 87846 and 99.
33
What is the greatest common factor of 17081 and 10260?
19
Calculate the highest common factor of 2788544 and 68.
68
Calculate the greatest common divisor of 266390 and 30.
10
What is the highest common divisor of 46464 and 9504?
1056
Calculate the greatest common divisor of 57517 and 2260.
113
Calculate the highest common factor of 885 and 83730.
15
Calculate the highest common factor of 215567 and 33.
11
Calculate the greatest common factor of 881929 and 674.
337
What is the greatest common factor of 496 and 6278616?
248
Calculate the greatest common divisor of 132 and 3805098.
66
What is the highest common divisor of 16 and 4612?
4
Calculate the highest common divisor of 155 and 551335.
155
Calculate the highest common factor of 18648 and 74074.
518
Calculate the highest common factor of 46728 and 1386.
198
What is the highest common divisor of 3388 and 33264?
308
Calculate the greatest common factor of 10 and 114134.
2
Calculate the highest common factor of 128 and 43.
1
What is the highest common factor of 5396 and 11476?
76
What is the highest common factor of 4068 and 288?
36
What is the highest common divisor of 8880 and 210?
30
What is the greatest common factor of 200340 and 465?
15
Calculate the highest common factor of 154 and 327376.
14
Calculate the greatest common divisor of 1325610 and 78.
78
What is the highest common factor of 344894 and 1342?
1342
What is the highest common factor of 72 and 65496?
24
What is the highest common factor of 324992 and 256?
128
Calculate the greatest common divisor of 24140 and 476.
68
What is the highest common divisor of 78932 and 28?
28
What is the highest common factor of 4440 and 5808?
24
What is the greatest common factor of 230 and 35328?
46
Calculate the greatest common divisor of 44548 and 4300.
172
What is the greatest common divisor of 126 and 333921?
21
What is the highest common divisor of 14 and 47670?
14
Calculate the greatest common divisor of 142 and 482516.
142
What is the greatest common factor of 476 and 1956122?
238
What is the highest common divisor of 4212 and 243?
81
What is the highest common factor of 11120 and 400?
80
What is the greatest common factor of 136 and 8344?
8
What is the greatest common factor of 15792 and 2688?
336
What is the highest common divisor of 12 and 200346?
6
What is the greatest common factor of 20196 and 36?
36
What is the greatest common divisor of 76675 and 50?
25
What is the highest common factor of 516 and 332?
4
Calculate the greatest common factor of 22 and 13750.
22
Calculate the highest common factor of 287 and 13571.
41
Calculate the highest common divisor of 201 and 430475.
67
Calculate the greatest common divisor of 30 and 52790.
10
What is the greatest common divisor of 4458840 and 3504?
1752
What is the greatest common factor of 1176 and 29190?
42
What is the greatest common divisor of 700635 and 1430?
65
Calculate the greatest common factor of 12810 and 12180.
210
What is the greatest common factor of 414723 and 6?
3
Calculate the highest common divisor of 156 and 42276.
156
What is the greatest common factor of 7420 and 1190?
70
What is the highest common factor of 382956 and 1